243?
2
What is the tens digit of 369307343?
4
What is the billions digit of 4302067006?
4
What is the thousands digit of 127517418?
7
What is the units digit of 126691304?
4
What is the thousands digit of 7892007?
2
What is the millions digit of 2989526810?
9
What is the thousands digit of 1317326?
7
What is the hundreds digit of 2427692126?
1
What is the units digit of 196268486?
6
What is the hundreds digit of 150794590?
5
What is the thousands digit of 292893974?
3
What is the thousands digit of 2124911?
4
What is the millions digit of 585494182?
5
What is the units digit of 1962262?
2
What is the billions digit of 3075238726?
3
What is the hundreds digit of 28570072?
0
What is the thousands digit of 53820860?
0
What is the tens digit of 27318074?
7
What is the ten millions digit of 76584454?
7
What is the thousands digit of 6353543039?
3
What is the thousands digit of 316116160?
6
What is the hundreds digit of 3118613100?
1
What is the tens digit of 134349870?
7
What is the hundred millions digit of 4229427148?
2
What is the hundred thousands digit of 28901139?
9
What is the tens digit of 961490566?
6
What is the ten millions digit of 353975063?
5
What is the millions digit of 201659694?
1
What is the ten thousands digit of 73780953?
8
What is the ten millions digit of 27224698?
2
What is the ten thousands digit of 37538982?
3
What is the hundred thousands digit of 7374935?
3
What is the units digit of 390480870?
0
What is the hundred thousands digit of 1050084017?
0
What is the hundreds digit of 915795931?
9
What is the ten thousands digit of 14521394?
2
What is the millions digit of 268849106?
8
What is the hundred thousands digit of 257593564?
5
What is the thousands digit of 408881853?
1
What is the ten millions digit of 874775968?
7
What is the tens digit of 71248885?
8
What is the units digit of 16618524?
4
What is the ten thousands digit of 836456101?
5
What is the hundreds digit of 266032106?
1
What is the tens digit of 58705797?
9
What is the units digit of 407697717?
7
What is the ten millions digit of 721024750?
2
What is the billions digit of 1408427225?
1
What is the tens digit of 38648300?
0
What is the millions digit of 2472086120?
2
What is the hundreds digit of 253092378?
3
What is the thousands digit of 4419459284?
9
What is the units digit of 579663216?
6
What is the tens digit of 437241874?
7
What is the ten thousands digit of 30687622?
8
What is the ten thousands digit of 114085846?
8
What is the hundreds digit of 1020391289?
2
What is the millions digit of 3070498564?
0
What is the units digit of 442587077?
7
What is the thousands digit of 4823950210?
0
What is the hundred thousands digit of 57821435?
8
What is the millions digit of 763171291?
3
What is the hundred millions digit of 1035641212?
0
What is the ten thousands digit of 31890214?
9
What is the hundreds digit of 317808086?
0
What is the millions digit of 77762111?
7
What is the hundreds digit of 560408584?
5
What is the hundred thousands digit of 2911733013?
7
What is the thousands digit of 11581682?
1
What is the ten millions digit of 343531738?
4
What is the ten millions digit of 8174825018?
7
What is the tens digit of 113800248?
4
What is the thousands digit of 63071471?
1
What is the tens digit of 1365311111?
1
What is the tens digit of 119566705?
0
What is the ten millions digit of 81834248?
8
What is the hundred thousands digit of 55357173?
3
What is the units digit of 68997451?
1
What is the thousands digit of 7223219109?
9
What is the hundred thousands digit of 50209179?
2
What is the tens digit of 86219802?
0
What is the hundred thousands digit of 91003765?
0
What is the ten millions digit of 33813828?
3
What is the units digit of 348954514?
4
What is the hundred thousands digit of 778331689?
3
What is the tens digit of 1511937697?
9
What is the tens digit of 42875076?
7
What is the units digit of 81085814?
4
What is the millions digit of 1343984183?
3
What is the ten thousands digit of 156507931?
0
What is the hundreds digit of 890957275?
2
What is the units digit of 48825800?
0
What is the millions digit of 2496579490?
6
What is the tens digit of 28806152?
5
What is the hundred thousands digit of 307497744?
4
What is the thousands digit of 42261258?
1
What is the tens digit of 103950162?
6
What is the units digit of 642971124?
4
What is the hundred millions digit of 268056458?
2
What is the hundred millions digit of 175656531?
1
What is the millions digit of 44870759?
4
What is the thousands digit of 154585731?
5
What is the units digit of 5937967712?
2
What is the millions digit of 1230037179?
0
What is the units digit of 849342604?
4
What is the tens digit of 239943377?
7
What is the ten thousands digit of 242807572?
0
What is the millions digit of 62533797?
2
What is the ten millions digit of 27682435?
2
What is the hundred thousands digit of 545563763?
5
What is the tens digit of 405177789?
8
What is the tens digit of 2000954918?
1
What is the hundreds digit of 5351965869?
8
What is the ten thousands digit of 292572249?
7
What is the thousands digit of 257771339?
1
What is the units digit of 196168334?
4
What is the hundred thousands digit of 214983951?
9
What is the millions digit of 9480357603?
0
What is the billions digit of 1760157394?
1
What is the hundred millions digit of 238017367?
2
What is the millions digit of 4721117119?
1
What is the ten millions digit of 2190006038?
9
What is the ten millions digit of 117048798?
1
What is the hundred thousands digit of 313958045?
9
What is the hundred thousands digit of 242197263?
1
What is the millions digit of 844759336?
4
What is the units digit of 62787821?
1
What is the ten thousands digit of 23276780?
7
What is the tens digit of 53785568?
6
What is the thousands digit of 85966897?
6
What is the hundred millions digit of 787055337?
7
What is the tens digit of 40767570?
7
What is the hundred thousands digit of 203884893?
8
What is the ten millions digit of 800074345?
0
What is the millions digit of 265824665?
5
What is the units digit of 406605946?
6
What is the hundreds digit of 101008910?
9
What is the millions digit of 461218787?
1
What is the hundred thousands digit of 26769118?
7
What is the hundred thousands digit of 154885743?
8
What is the hundred millions digit of 489271056?
4
What is the units digit of 20535923?
3
What is the thousands digit of 126967219?
7
What is the tens digit of 1094466117?
1
What is the ten millions digit of 463261856?
6
What is the hundred thousands digit of 669042399?
0
What is the tens digit of 135635542?
4
What is the ten millions digit of 4630281342?
3
What is the hundred millions digit of 221484499?
2
What is the ten thousands digit of 750091253?
9
What is the millions digit of 543593641?
3
What is the hundred thousands digit of 3871298?
8
What is the thousands digit of 206500074?
0
What is the hundred millions digit of 5492210634?
4
What is the millions digit of 1150768392?
0
What is the ten thousands digit of 1146990652?
9
What is the thousands digit of 118789420?
9
What is the hundreds digit of 1065663780?
7
What is the tens digit of 66665882?
8
What is the tens digit of 272026872?
7
What is the ten millions digit of 166625366?
6
What is the units digit of 1840775748?
8
What is the ten thousands digit of 110471146?
7
What is the units digit of 155196645?
5
What is the hundreds digit of 128255480?
4
What is the hundreds digit of 809246881?
8
What is the hundred millions digit of 3049148312?
0
What is the ten thousands digit of 177443673?
4
What is the units digit of 2328904567?
7
What is the millions digit of 771858909?
1
What is the thousands digit of 21239466?
9
What is the millions digit of 80166763?
0
What is the ten millions digit of 342298000?
4
What is the billions digit of 7512971685?
7
What is the tens digit of 4175333555?
5
What is the ten millions digit of 318465081?
1
What is the hundreds digit of 215806477?
4
What is the units digit of 837949026?
6
What is the hundreds digit of 350713176?
1
What is the hundred millions digit of 191108340?
1
What is the units digit of 965087659?
9
What is the tens digit of 64957853?
5
What is the hundreds digit of 50072676?
6
What is the units digit of 132117415?
5
What is the hundreds digit of 48462168